ve of -v**5/20 - 5*v**4/12 + v**3/6 + v**2/2 + 7*v. Suppose -3*a - a - 20 = 0. Give w(a).
-4
Let m(b) = 2*b**3 - 8*b**2 + 8*b - 11. Let p(t) = t**3 - 4*t**2 + 4*t - 6. Let u(a) = 4*m(a) - 7*p(a). What is u(4)?
14
Let t(v) = -v**3 - 4*v**2 + 6*v + 5. Let s be t(-5). Let q(f) = -f**3 + f**2 + f - 2. Calculate q(s).
-2
Let f(n) = -8*n - 3*n**2 + 3 + 3 + 4*n**2. Let g(d) = 2*d - 9. Let z be g(7). Determine f(z).
-9
Let l be (-6)/8*(-4 - 0). Let u(m) = -m**3 - 5*m**2 + 2*m**l + 7*m + 1 - 2*m**3. Let r be 5/(15/(-6)) - 4. Determine u(r).
-5
Suppose -4*y = -15*y + 66. Let p(t) = -t**3 + 7*t**2 - 6*t. Calculate p(y).
0
Let k(v) be the first derivative of v**2/2 - 2*v - 1. Calculate k(2).
0
Let z(h) be the second derivative of -h**3/2 - h. Suppose -8 = -0*w - 2*w. Give z(w).
-12
Let b(l) = -l**2 + 3*l**2 + 2*l**2. Determine b(1).
4
Let b(w) = w - 10. Suppose 3*i - 2*u + 3*u - 26 = 0, -u + 40 = 5*i. Determine b(i).
-3
Let a(q) = q - 1. Let k(b) = b**3 + 6*b**2 - 2*b - 9. Let n be k(-6). Let u be ((-6)/(-5))/n*15. Give a(u).
5
Let w(h) = h + 1. Let c(b) = -5*b. Suppose -4*q = -q - 6. Let j(r) = q*w(r) + c(r). Let o = -3 - -5. Calculate j(o).
-4
Suppose 5*x - 7*x + 10 = 0. Suppose -2*a - 3*d = 3 - 5, -x*a - 17 = 2*d. Let j(w) be the third derivative of w**5/60 + 5*w**4/24 - 5*w**3/6 - 3*w**2. Give j(a).
-5
Let t(i) = i**3 + 3*i**2 - 2*i + 4. Let m(p) = -4*p - 9 + 0*p + 5*p. Let a be m(6). What is t(a)?
10
Let m(d) = -d**3 - 3*d**2 + 3*d + 4. Let z = -1 + -2. What is m(z)?
-5
Let w(z) = -4*z + 8. Let c(y) = 1. Let a(t) = -3*c(t) + w(t). Let g(l) = -11*l + 14. Let x be ((-2)/3)/(32/(-144)). Let k(q) = x*g(q) - 8*a(q). Give k(-5).
7
Let v = -46 + 41. Let l(y) = -y**2 - 7*y - 3. Determine l(v).
7
Let m(v) = -3*v - 4*v + 11 + 4*v. Give m(5).
-4
Suppose u = -4*f + 8 + 8, -f = u - 4. Let t(z) = 2*z - 4 - 10 - z + f. Determine t(6).
-4
Let m be ((-6)/21)/((-2)/14). Let h(j) = 2*j**3 + 6*j**2 + 2*j + 1. Let f(i) = -3*i**3 - 11*i**2 - 3*i - 2. Let n(k) = 3*f(k) + 5*h(k). Calculate n(m).
-3
Let s be (1*-2)/(1 + 1). Let n(t) = 2*t**2 - t - 1. Let h be n(s). Let q(g) = g - 2. Give q(h).
0
Suppose -2*r + r = -2*z + 7, -2*z + 2*r = -6. Suppose -5*x - 11 = z. Let l(s) = s**2 - 4. Calculate l(x).
5
Let g(k) be the first derivative of 0*k**2 + k - 2 + 1/6*k**3. Let z(h) be the first derivative of g(h). Give z(5).
5
Let y(r) = -3*r**2 - 10*r + 12. Let h(g) = -2*g**2 - 7*g + 8. Let s(l) = -8*h(l) + 5*y(l). Determine s(-7).
3
Let m(s) = -s**2 - 7*s + 1. Let q be m(-6). Let n(f) = 6 - 4 - q*f + 2 + 2*f**2 - f**2. Determine n(6).
-2
Let x(s) = 11*s + 13. Let g = -10 - -6. Let z(w) = -5*w - 6. Let a(t) = g*x(t) - 9*z(t). Calculate a(6).
8
Let d = 0 - -2. Let y(u) be the third derivative of 0*u**5 + 0*u + 1/6*u**3 - 4*u**2 + 1/120*u**6 + 0 - 1/12*u**4. What is y(d)?
5
Let b(p) = p**3 + 7*p**2 + 7*p - 2. Let g = 23 + -29. Calculate b(g).
-8
Let i(y) = 1 + 3*y + 7*y**2 - 8*y**2 - 5 - 2. Let j be 15/1*2/6. Give i(j).
-16
Let c(w) = -w**3 + 9*w**2 - 9*w + 8. Let k be c(8). Suppose 5*t + 23 - 3 = k. Let i(v) = -v**3 - 5*v**2 - 3*v - 5. Determine i(t).
-9
Let d(l) = 5*l**2 + 5*l**3 + 5 - 3*l - 4*l**3 - 4*l + 3*l. Determine d(-6).
-7
Let i(l) = 17 + 19 - 2*l - 46 + 15. Determine i(-5).
15
Suppose -y + 7 = 3*f - 5, -3*y + 6 = -f. Let q be y*(-2)/3 - 3. Let c(g) = -g**3 - 5*g**2 - g + 2. Give c(q).
7
Let c(q) be the second derivative of -9/2*q**2 + q + 0 + 1/3*q**3. Give c(7).
5
Let j(u) = u + 7. Let l(o) = o + 5. Let w = 7 + -23. Let m = -24 - w. Let i be l(m). Calculate j(i).
4
Let f(m) = m**3 + 8*m**2 - 9*m - 2. Let q be f(-9). Let h(a) = a**2 - 1. Let u(s) = s**2 - 4. Let w(k) = -3*h(k) + u(k). Give w(q).
-9
Let d(t) = 21*t**2 - 9*t**2 - 11*t**2 + 5*t + 6. Calculate d(-6).
12
Suppose -3*a - 5 = -8. Let w(b) be the first derivative of -13*b**3/3 - b**2/2 - 4. Give w(a).
-14
Suppose -w = -6*w. Let x(c) = c. Let n be x(7). Let u(f) = 2 + 8 + f**3 - n*f + 3*f + 5*f - f**2. What is u(w)?
10
Let z(f) = 0*f**2 + 0 + 2*f - 3*f**2 + 4*f**2 - 1. Let m be z(-2). Let t(l) = -7*l**3 - 2*l**2 - l. Calculate t(m).
6
Let c(l) = -l**3 + l + 1. Let k(r) = 6*r**3 + 6*r**2 - 5*r - 2. Let g(a) = -5*c(a) - k(a). Determine g(-6).
-3
Let o(j) = -4*j**2 + 3 + 2*j**2 + j**2 - j. Calculate o(-4).
-9
Let s(a) = -5*a**2 - a - a - a - a - a**3. Determine s(-3).
-6
Suppose -40 = -5*x + 3*g, 4*x = 2*g + 3*g + 32. Let f be x - (-3)/(-6)*6. Suppose -3 = 3*n + 4*j, -j - 5 = f*n + j. Let k(a) = 7*a - 1. Give k(n).
-8
Let q(x) = -12*x + 3. Let s(h) = 8*h. Let y(n) = -1. Let k(l) = s(l) + 2*y(l). Let c(d) = 8*k(d) + 5*q(d). Calculate c(-1).
-5
Let s(r) = -r**3 + 4*r**2 + 3*r + 2. Let m be 2/(-7) - 370/(-70). What is s(m)?
-8
Let j(q) = -q + 4. Let m be 2/8 + (28/(-16))/(-1). Determine j(m).
2
Let g(a) = 3*a + 2. Let y(q) = 3*q + 2. Let w(f) = 4*g(f) - 3*y(f). Give w(-5).
-13
Let n(z) = z**3 + 5*z**2 - 6*z + 4. Let y = 60 + -66. Determine n(y).
4
Let q(v) = 4*v**2 + v**3 - 3 - 4*v**2 + 5 - 5*v**2. Determine q(5).
2
Let m(f) = -f**2 - 3*f - 1. Let v(s) = -4*s**2 - s**2 + 4*s**2 - s - 2*s. Let d(i) = 5*m(i) - 6*v(i). Give d(-4).
-1
Let n be (-5)/25 + (-58)/10. Let f(p) = -7*p + 0 - 6 + 3*p**2 - 4*p**2. Determine f(n).
0
Let u(q) = 2*q**2 + 3*q + 2. Let i be u(-1). Let t(p) = p - 1. Calculate t(i).
0
Let q(p) = 1. Let i(c) = c + 10. Let g(w) = -i(w) + 3*q(w). Give g(-6).
-1
Let p(j) = 5 - 3*j**2 + 6*j - 2*j**2 - j**3 - 1. Calculate p(-6).
4
Let z = 6 - 4. Let y be z/(-2 + 7 + -3). Let l(u) = 2*u**3 + 1. Determine l(y).
3
Let m(s) = s**2 + 4*s + 3. Suppose -2*p = k + 3*k + 20, 3*p - 15 = 3*k. Suppose -g - g + 22 = p. Suppose n = -2*v - g, 5 = -2*n - 5. What is m(v)?
0
Let p(w) = -3*w + 5. Let q(r) = 1. Let o(t) = p(t) - 4*q(t). Give o(-4).
13
Suppose 9 = 3*q, -c + 0*q + 12 = 4*q. Let h be (10 - 5)/(c - -1). Let j(r) = -7 - 2*r + 2*r + r. What is j(h)?
-2
Let d(t) = -4*t - 2*t + 7*t. Let m(y) = -y**2 + 2*y + 13. Let j(f) = 3*f**2 - 5*f - 38. Let s(v) = -6*j(v) - 17*m(v). Let b be s(-6). Calculate d(b).
-5
Let v(a) = a**2 + a + 1. Let z(o) = -14*o**2 - 12*o - 10. Let w(m) = -12*v(m) - z(m). Give w(-2).
6
Let y(q) = q**3 - 5*q**2 - q - 4. Let c(r) = -r**2 + 7*r + 5. Let h be c(7). What is y(h)?
-9
Let q(d) = d + 9. Let s be q(-5). Let r(l) = 0 + s - 6 - l. Calculate r(5).
-7
Let c(t) = t**2 - 6*t - 4. Let k be 1 - (-6 - (1 - 3)). Give c(k).
-9
Let m(r) = -r**3 + 7*r**2 - 6*r + 3. Suppose 5*i - 6 - 24 = 0. Let q be m(i). Let l(p) = -2*p**2 + 3*p + 4. What is l(q)?
-5
Let l(f) = -f + 6. Let d(p) = -5*p + 29. Let y(g) = -2*d(g) + 11*l(g). Determine y(6).
2
Let n be 184/44 - 4/22. Let h(s) = -n*s + 5*s - 4 - 3. Calculate h(5).
-2
Let r be 0 + 1 + 1*-2. Let g(v) be the first derivative of v**5/15 + v**3/6 - v**2/2 - 3. Let c(a) be the second derivative of g(a). Calculate c(r).
5
Let l(n) = n**3 + 5*n**2 + 6*n + 6. Let g(c) = c**3 + 4*c**2 + 5*c + 5. Let i(p) = -6*g(p) + 5*l(p). Give i(-1).
2
Let p(a) = 3*a + 1. Let x be p(-1). Let d(b) be the first derivative of -b**4/8 - b**3/3 - b**2/2 - 1. Let w(y) be the second derivative of d(y). Give w(x).
4
Let x = 16 + -11. Let n(j) = 5 - x + j. Let v = -14 + 9. Give n(v).
-5
Suppose -3*g + 10 = 1. Let a(f) be the first derivative of f**4/4 - f**3 - f**2 + 3*f + 47. Give a(g).
-3
Let m(h) = -41*h**3 + 14*h**2 - 7*h - 6 + 42*h**3 - 10*h**2. Give m(-5).
4
Suppose -2*h + 4 = -3*h. Let s(w) = -w**2 - 4*w - 1. Let j be s(-3). Let p(c) = 3*c - c**3 + 7*c - 3*c**j + 6 - 4*c. Give p(h).
-2
Let c(t) = t**2 - 2. Let j be c(-2). Let y(s) = -s**3 + s**2 + s + 1. Let i(q) = 0*q**3 - 3 + q**3 - q + q. Let a(f) = i(f) + 2*y(f). Determine a(j).
3
Let h(y) = y**2 + 9*y - 3. Suppose b - 4*b = 27. Give h(b).
-3
Let w(u) = u**3 + 1 + 1 - 3*u**2 + 0*u + 3*u. Suppose -12*g - 6 = -14*g. What is w(g)?
11
Let x(i) be the second derivative of -i**3/3 - 3*i**2 + 10*i. Calculate x(-4).
2
Suppose 3*r - 4 = 5*r. Let h(f) = -2*f**3 - 2*f**2 + f - 1. Calculate h(r).
5
Let v(k) = -4*k**2 + 18*k + 6. Suppose -h + 2*h = 7. Let f(x) = x**2 - 6*x - 2. Let z(w) = h*f(w) + 2*v(w). Give z(-6).
-2
Let r(a) = a**2 + 2*a + 1. Let t(o) = -o**2 - 8*o - 1. Let c be t(-8). Determine r(c).
0
Let l(i) = 2*i**2 + 4*i + 3. Let x(c) = -c - 1. Let w be x(-3). Suppose -2 = -w*y + y. Suppose -16 = -2*f + 4*h, 0 = -4*f - y*h - 5 - 13. Determin